[INFO] cloning repository https://github.com/anontyro/rust_chat_Server
[INFO] running `Command { std: "git" "-c" "credential.helper=" "-c" "credential.helper=/workspace/cargo-home/bin/git-credential-null" "clone" "--bare" "https://github.com/anontyro/rust_chat_Server" "/workspace/cache/git-repos/https%3A%2F%2Fgithub.com%2Fanontyro%2Frust_chat_Server", kill_on_drop: false }`
[INFO] [stderr] Cloning into bare repository '/workspace/cache/git-repos/https%3A%2F%2Fgithub.com%2Fanontyro%2Frust_chat_Server'...
[INFO] running `Command { std: "git" "rev-parse" "HEAD", kill_on_drop: false }`
[INFO] [stdout] 98ee51aec0e6e8fc8a7c1a1e33ab3b59d3ab634a
[INFO] checking anontyro/rust_chat_Server against try#72f88fc4e9458f89516a0b8b0868f3718aec5b47 for pr-74989
[INFO] running `Command { std: "git" "clone" "/workspace/cache/git-repos/https%3A%2F%2Fgithub.com%2Fanontyro%2Frust_chat_Server" "/workspace/builds/worker-0/source", kill_on_drop: false }`
[INFO] [stderr] Cloning into '/workspace/builds/worker-0/source'...
[INFO] [stderr] done.
[INFO] validating manifest of git repo https://github.com/anontyro/rust_chat_Server on toolchain 72f88fc4e9458f89516a0b8b0868f3718aec5b47
[INFO] running `Command { std: "/workspace/cargo-home/bin/cargo" "+72f88fc4e9458f89516a0b8b0868f3718aec5b47" "read-manifest" "--manifest-path" "Cargo.toml", kill_on_drop: false }`
[INFO] started tweaking git repo https://github.com/anontyro/rust_chat_Server
[INFO] finished tweaking git repo https://github.com/anontyro/rust_chat_Server
[INFO] tweaked toml for git repo https://github.com/anontyro/rust_chat_Server written to /workspace/builds/worker-0/source/Cargo.toml
[INFO] crate git repo https://github.com/anontyro/rust_chat_Server already has a lockfile, it will not be regenerated
[INFO] running `Command { std: "/workspace/cargo-home/bin/cargo" "+72f88fc4e9458f89516a0b8b0868f3718aec5b47" "fetch" "--locked" "--manifest-path" "Cargo.toml", kill_on_drop: false }`
[INFO] [stderr]  Downloading crates ...
[INFO] [stderr]   Downloaded sha1 v0.1.1
[INFO] [stderr]   Downloaded http-muncher v0.2.5
[INFO] running `Command { std: "docker" "create" "-v" "/var/lib/crater-agent-workspace/builds/worker-0/target:/opt/rustwide/target:rw,Z" "-v" "/var/lib/crater-agent-workspace/builds/worker-0/source:/opt/rustwide/workdir:ro,Z" "-v" "/var/lib/crater-agent-workspace/cargo-home:/opt/rustwide/cargo-home:ro,Z" "-v" "/var/lib/crater-agent-workspace/rustup-home:/opt/rustwide/rustup-home:ro,Z" "-e" "SOURCE_DIR=/opt/rustwide/workdir" "-e" "CARGO_TARGET_DIR=/opt/rustwide/target" "-e" "CARGO_HOME=/opt/rustwide/cargo-home" "-e" "RUSTUP_HOME=/opt/rustwide/rustup-home" "-w" "/opt/rustwide/workdir" "-m" "1610612736" "--user" "0:0" "--network" "none" "rustops/crates-build-env@sha256:d92eaeed33fa75130ca1ee6c8a01d1ffb62bac859dfdfb3450e3e5d1c0146529" "/opt/rustwide/cargo-home/bin/cargo" "+72f88fc4e9458f89516a0b8b0868f3718aec5b47" "metadata" "--no-deps" "--format-version=1", kill_on_drop: false }`
[INFO] [stdout] 3053089a29ba9246004d4918ec970087313e3f13b26e42591be2aff458b252f4
[INFO] [stderr] WARNING: Your kernel does not support swap limit capabilities or the cgroup is not mounted. Memory limited without swap.
[INFO] running `Command { std: "docker" "start" "-a" "3053089a29ba9246004d4918ec970087313e3f13b26e42591be2aff458b252f4", kill_on_drop: false }`
[INFO] running `Command { std: "docker" "inspect" "3053089a29ba9246004d4918ec970087313e3f13b26e42591be2aff458b252f4", kill_on_drop: false }`
[INFO] running `Command { std: "docker" "rm" "-f" "3053089a29ba9246004d4918ec970087313e3f13b26e42591be2aff458b252f4", kill_on_drop: false }`
[INFO] [stdout] 3053089a29ba9246004d4918ec970087313e3f13b26e42591be2aff458b252f4
[INFO] running `Command { std: "docker" "create" "-v" "/var/lib/crater-agent-workspace/builds/worker-0/target:/opt/rustwide/target:rw,Z" "-v" "/var/lib/crater-agent-workspace/builds/worker-0/source:/opt/rustwide/workdir:ro,Z" "-v" "/var/lib/crater-agent-workspace/cargo-home:/opt/rustwide/cargo-home:ro,Z" "-v" "/var/lib/crater-agent-workspace/rustup-home:/opt/rustwide/rustup-home:ro,Z" "-e" "SOURCE_DIR=/opt/rustwide/workdir" "-e" "CARGO_TARGET_DIR=/opt/rustwide/target" "-e" "CARGO_INCREMENTAL=0" "-e" "RUST_BACKTRACE=full" "-e" "RUSTFLAGS=--cap-lints=forbid" "-e" "CARGO_HOME=/opt/rustwide/cargo-home" "-e" "RUSTUP_HOME=/opt/rustwide/rustup-home" "-w" "/opt/rustwide/workdir" "-m" "1610612736" "--user" "0:0" "--network" "none" "rustops/crates-build-env@sha256:d92eaeed33fa75130ca1ee6c8a01d1ffb62bac859dfdfb3450e3e5d1c0146529" "/opt/rustwide/cargo-home/bin/cargo" "+72f88fc4e9458f89516a0b8b0868f3718aec5b47" "check" "--frozen" "--all" "--all-targets" "--message-format=json", kill_on_drop: false }`
[INFO] [stdout] 3d7eba79d105a303c1d69bbd3f48342a84a78dc2a7ec8da992358661bae5f51a
[INFO] [stderr] WARNING: Your kernel does not support swap limit capabilities or the cgroup is not mounted. Memory limited without swap.
[INFO] running `Command { std: "docker" "start" "-a" "3d7eba79d105a303c1d69bbd3f48342a84a78dc2a7ec8da992358661bae5f51a", kill_on_drop: false }`
[INFO] [stderr]     Checking cfg-if v0.1.6
[INFO] [stderr]    Compiling gcc v0.3.55
[INFO] [stderr]     Checking rustc-serialize v0.3.24
[INFO] [stderr]     Checking sha1 v0.1.1
[INFO] [stderr]     Checking nix v0.5.1
[INFO] [stderr]     Checking log v0.4.6
[INFO] [stderr]     Checking net2 v0.2.33
[INFO] [stderr]     Checking log v0.3.9
[INFO] [stderr]     Checking miow v0.1.5
[INFO] [stderr]    Compiling http-muncher v0.2.5
[INFO] [stderr]     Checking mio v0.5.1
[INFO] [stderr]     Checking websocket_server v0.1.0 (/opt/rustwide/workdir)
[INFO] [stdout] error[E0369]: binary operation `==` cannot be applied to type `RefCell<http_muncher::Parser<HttpParser>>`
[INFO] [stdout]   --> src/main.rs:18:23
[INFO] [stdout]    |
[INFO] [stdout] 18 |     AwaitingHandshake(RefCell<Parser<HttpParser>>),
[INFO] [stdout]    |                       ^^^^^^^^^^^^^^^^^^^^^^^^^^^
[INFO] [stdout]    |
[INFO] [stdout]    = note: this error originates in a derive macro (in Nightly builds, run with -Z macro-backtrace for more info)
[INFO] [stdout] 
[INFO] [stdout] 
[INFO] [stdout] error[E0369]: binary operation `!=` cannot be applied to type `RefCell<http_muncher::Parser<HttpParser>>`
[INFO] [stdout]   --> src/main.rs:18:23
[INFO] [stdout]    |
[INFO] [stdout] 18 |     AwaitingHandshake(RefCell<Parser<HttpParser>>),
[INFO] [stdout]    |                       ^^^^^^^^^^^^^^^^^^^^^^^^^^^
[INFO] [stdout]    |
[INFO] [stdout]    = note: this error originates in a derive macro (in Nightly builds, run with -Z macro-backtrace for more info)
[INFO] [stdout] 
[INFO] [stdout] 
[INFO] [stdout] error: aborting due to 2 previous errors
[INFO] [stdout] 
[INFO] [stdout] 
[INFO] [stdout] For more information about this error, try `rustc --explain E0369`.
[INFO] [stdout] 
[INFO] [stderr] error: could not compile `websocket_server`.
[INFO] [stderr] 
[INFO] [stderr] To learn more, run the command again with --verbose.
[INFO] [stderr] warning: build failed, waiting for other jobs to finish...
[INFO] [stdout] error[E0369]: binary operation `==` cannot be applied to type `RefCell<http_muncher::Parser<HttpParser>>`
[INFO] [stdout]   --> src/main.rs:18:23
[INFO] [stdout]    |
[INFO] [stdout] 18 |     AwaitingHandshake(RefCell<Parser<HttpParser>>),
[INFO] [stdout]    |                       ^^^^^^^^^^^^^^^^^^^^^^^^^^^
[INFO] [stdout]    |
[INFO] [stdout]    = note: this error originates in a derive macro (in Nightly builds, run with -Z macro-backtrace for more info)
[INFO] [stdout] 
[INFO] [stdout] 
[INFO] [stdout] error[E0369]: binary operation `!=` cannot be applied to type `RefCell<http_muncher::Parser<HttpParser>>`
[INFO] [stdout]   --> src/main.rs:18:23
[INFO] [stdout]    |
[INFO] [stdout] 18 |     AwaitingHandshake(RefCell<Parser<HttpParser>>),
[INFO] [stdout]    |                       ^^^^^^^^^^^^^^^^^^^^^^^^^^^
[INFO] [stdout]    |
[INFO] [stdout]    = note: this error originates in a derive macro (in Nightly builds, run with -Z macro-backtrace for more info)
[INFO] [stdout] 
[INFO] [stdout] 
[INFO] [stdout] error: aborting due to 2 previous errors
[INFO] [stdout] 
[INFO] [stdout] 
[INFO] [stdout] For more information about this error, try `rustc --explain E0369`.
[INFO] [stdout] 
[INFO] [stderr] error: build failed
[INFO] running `Command { std: "docker" "inspect" "3d7eba79d105a303c1d69bbd3f48342a84a78dc2a7ec8da992358661bae5f51a", kill_on_drop: false }`
[INFO] running `Command { std: "docker" "rm" "-f" "3d7eba79d105a303c1d69bbd3f48342a84a78dc2a7ec8da992358661bae5f51a", kill_on_drop: false }`
[INFO] [stdout] 3d7eba79d105a303c1d69bbd3f48342a84a78dc2a7ec8da992358661bae5f51a
